est common divisor of 1932 and 9867?
69
Calculate the highest common factor of 3811830 and 990.
330
Calculate the greatest common factor of 837 and 10476.
27
Calculate the greatest common divisor of 15423 and 130077.
291
What is the greatest common factor of 696 and 7047?
87
Calculate the greatest common factor of 76 and 431110.
38
What is the highest common divisor of 15708 and 11577?
51
Calculate the greatest common divisor of 19448 and 1300.
52
What is the highest common divisor of 88902 and 44?
22
What is the greatest common divisor of 1298090 and 479?
479
Calculate the greatest common divisor of 65490 and 120.
30
Calculate the greatest common factor of 3275 and 1675.
25
Calculate the greatest common factor of 1000 and 6610.
10
What is the highest common divisor of 51510 and 4488?
102
What is the greatest common factor of 4 and 2092?
4
Calculate the greatest common factor of 12883 and 325.
13
Calculate the highest common factor of 636 and 348.
12
Calculate the greatest common factor of 3159 and 70486.
13
What is the greatest common divisor of 1212 and 412989?
303
Calculate the greatest common divisor of 64 and 18840.
8
What is the greatest common factor of 14408 and 24?
8
What is the greatest common factor of 2921 and 5207?
127
Calculate the highest common factor of 3397 and 559.
43
Calculate the greatest common factor of 11875 and 1045.
95
What is the highest common factor of 18419 and 11639?
113
Calculate the greatest common divisor of 738 and 10728.
18
What is the highest common factor of 10747405 and 815?
815
Calculate the greatest common factor of 650534 and 37.
37
What is the highest common factor of 1105 and 6005?
5
What is the greatest common divisor of 21834330 and 7?
7
Calculate the highest common divisor of 296064 and 768.
384
Calculate the highest common divisor of 645104 and 368.
368
Calculate the greatest common factor of 26852 and 2212.
28
Calculate the highest common factor of 145 and 2298540.
145
What is the greatest common divisor of 216 and 75303?
27
What is the highest common divisor of 2358165 and 60?
15
Calculate the greatest common divisor of 34 and 132226.
34
What is the highest common factor of 7147 and 35?
7
What is the greatest common divisor of 36465 and 31161?
663
What is the highest common divisor of 20 and 553?
1
What is the highest common factor of 103072 and 576?
32
What is the greatest common factor of 5405 and 575?
115
Calculate the greatest common factor of 6048 and 21504.
672
Calculate the highest common divisor of 1633818 and 2536.
634
What is the greatest common factor of 71655 and 765?
255
What is the highest common divisor of 731 and 2669?
17
Calculate the greatest common divisor of 6811 and 203.
7
What is the greatest common factor of 2485 and 94927?
497
What is the highest common divisor of 560592 and 672?
48
Calculate the highest common factor of 4764 and 4879527.
1191
What is the highest common divisor of 25365 and 25098?
267
Calculate the highest common factor of 18526 and 61950.
118
Calculate the greatest common factor of 174 and 1527198.
174
What is the greatest common divisor of 27233 and 1205?
241
Calculate the highest common divisor of 315 and 28476.
63
Calculate the highest common divisor of 528 and 16544.
176
Calculate the greatest common divisor of 21 and 700539.
21
What is the highest common factor of 87344 and 2597?
53
What is the highest common factor of 182 and 12507404?
182
What is the greatest common factor of 186 and 76074?
186
Calculate the highest common factor of 3579682 and 1766.
1766
Calculate the greatest common factor of 2320 and 103849.
29
What is the highest common divisor of 735 and 8645?
35
Calculate the highest common divisor of 193219 and 178.
89
What is the greatest common factor of 1344 and 102585?
21
Calculate the greatest common factor of 61219 and 2581.
29
Calculate the greatest common divisor of 924 and 3828.
132
What is the highest common factor of 7246541 and 23?
23
What is the greatest common divisor of 2223656 and 1163?
1163
Calculate the greatest common divisor of 809370 and 1035.
1035
Calculate the highest common factor of 2808 and 33048.
216
What is the highest common divisor of 1088 and 18632?
136
What is the highest common divisor of 33384 and 2184?
312
Calculate the highest common divisor of 384 and 471648.
96
What is the greatest common divisor of 25 and 171475?
25
What is the highest common factor of 3597 and 2507?
109
Calculate the highest common factor of 8114 and 4.
2
What is the greatest common factor of 488 and 394792?
488
What is the highest common factor of 38 and 526243?
19
What is the greatest common divisor of 14 and 18542314?
14
Calculate the greatest common factor of 39737 and 1027.
79
Calculate the greatest common divisor of 3159 and 3897.
9
What is the highest common factor of 81297 and 6?
3
What is the greatest common factor of 1312 and 390812?
164
Calculate the highest common factor of 714 and 27642.
102
What is the greatest common divisor of 10 and 270370?
10
What is the greatest common factor of 9630 and 75?
15
Calculate the greatest common divisor of 42789 and 204.
51
Calculate the highest common factor of 13 and 49257.
13
What is the highest common factor of 654 and 142136?
218
What is the highest common factor of 92170 and 52?
26
What is the greatest common divisor of 1859 and 3740?
11
What is the highest common factor of 34 and 265353?
17
Calculate the highest common divisor of 1200 and 87300.
300
What is the highest common divisor of 3336 and 6648?
24
Calculate the highest common divisor of 7904 and 206872.
152
What is the greatest common divisor of 65518 and 1886?
82
What is the greatest common factor of 240 and 892770?
30
What is the greatest common factor of 11823 and 294?
21
What is the highest common divisor of 299 and 147979?
13
Calculate the highest common factor of 21 and 15442.
7
What is the greatest common factor of 1596519 and 1272?
159
Calculate the greatest common factor of 72 and 966501.
9
Calculate the greatest common factor of 10707 and 5229.
249
Calculate the greatest common divisor of 298923 and 37.
37
What is the greatest common factor of 116 and 195634?
58
What is the greatest common divisor of 806 and 98878?
26
Calculate the highest common divisor of 5027 and 457.
457
Calculate the highest common divisor of 15135 and 120.
15
Calculate the highest common divisor of 35421 and 123.
3
What is the greatest common divisor of 4188 and 36?
12
What is the greatest common factor of 1296 and 7088?
16
What is the highest common divisor of 148 and 17390?
74
Calculate the highest common factor of 5415 and 2337.
57
What is the highest common factor of 77061 and 510?
51
Calculate the highest common divisor of 236 and 3801488.
236
What is the highest common divisor of 78 and 85982?
26
What is the highest common factor of 355284 and 62622?
1278
What is the highest common divisor of 17004 and 39?
39
Calculate the greatest common divisor of 1291488 and 3168.
1056
What is the greatest common divisor of 9142 and 1442?
14
Calculate the highest common factor of 174 and 624.
6
What is the highest common divisor of 140766 and 5394?
174
What is the greatest common factor of 138719 and 10579?
149
What is the greatest common factor of 12935 and 5135?
65
Calculate the greatest common factor of 27 and 271746.
9
Calculate the highest common factor of 11 and 216040.
11
What is the highest common factor of 335 and 11993?
67
Calculate the highest common divisor of 191880 and 144.
72
What is the greatest common divisor of 12 and 45756?
12
What is the highest common factor of 2448 and 22185?
153
What is the highest common factor of 574 and 280399?
287
Calculate the greatest common divisor of 3342443 and 533.
533
Calculate the highest common divisor of 3996091 and 1133.
1133
What is the greatest common factor of 1990 and 1060?
10
Calculate the highest common factor of 8721 and 10013.
323
Calculate the highest common factor of 96 and 6176.
32
What is the highest common factor of 79008 and 256?
32
What is the highest common divisor of 4568 and 296?
8
Calculate the greatest common factor of 184 and 29026.
46
Calculate the greatest common divisor of 68 and 192916.
68
Calculate the greatest common divisor of 326046 and 2450.
98
Calculate the g